 the value of (-15 - -15) + -5 + 0?
-5
Calculate 2 - (0 + (-3 - -3)) - -3.
5
Evaluate 1 + 2 + -4 - (0 - -1).
-2
Calculate -4 + (-1 - -7) + -4.
-2
Calculate 1 - 1 - 6 - (-304 + 303).
-5
What is (3 - 3) + (5 - (-4 - -11))?
-2
(43 - 47) + (1 - -4)
1
Calculate (-14 - -6) + -4 + 13.
1
What is 5 + 0 + -3 + 0?
2
What is the value of (24 - 13 - 13) + -6?
-8
(-24 - -3) + 13 + 5
-3
Calculate 3 - (-3 + 7 + -2).
1
-6 + (-2 - -10 - -2)
4
What is the value of 0 + 4 + (-2 - 4) + 2?
0
What is the value of (-3 - 0) + -62 + 61?
-4
What is -1 + (-6 - (-11 + 4)) - -1?
1
Evaluate 1 - (8 + (9 - 8)).
-8
Calculate -1 - (5 - (1 + 2)).
-3
What is -8 + -1 + 8 - (-2 - 1)?
2
What is 7 + -2 + (-8 - (-5 - 4))?
6
What is ((6 - -1) + -3 - 5) + 2?
1
What is 1 + (1 - 0) + -6?
-4
What is (-11 + -2 - -18) + -1 + -8?
-4
Evaluate 4 + (-3 - 3) - -7.
5
Evaluate -7 - (-6 - -1) - 0.
-2
What is 1 + -6 - (-20 + 20)?
-5
Evaluate 8 - (-10 - (9 - 18)).
9
Calculate 1 + 1 - (1 + -2).
3
Evaluate -16 + 9 - (-13 - -4 - -4).
-2
-4 + -5 + 8 - -2
1
23 + -9 - 8 - 6
0
What is 3 + -7 + 14 - 5 - 3?
2
Evaluate (0 - ((-2 - -4) + -7)) + -9.
-4
Evaluate (2 - 0) + (-19 - -15) - -3.
1
Calculate (17 - (-8 + 19)) + 2.
8
Calculate (-4 - 2) + 4 + 1.
-1
Evaluate -1 + 4 + -4 + 5.
4
Evaluate (-4 - -13) + -12 - (0 + 2).
-5
What is 5 - ((-2 - (3 - 19)) + -4)?
-5
What is 0 + 0 + 1 + 3 - -5?
9
What is (-8 - 1) + 2 + 6?
-1
What is -3 - (1 - 5 - (-1 - 3))?
-3
What is the value of -11 - -2 - -10 - 6?
-5
Calculate 3 + -9 + 0 + 4.
-2
4 - (23 + -21 - (0 - 2))
0
(-10 - 2) + 14 - -8
10
-23 + 9 - -1 - -19
6
Evaluate 1 + -2 + -1 + 60 + -68.
-10
Calculate 0 + 1 + (-12 - -16).
5
Evaluate 2 - (-2 - (0 + -8)).
-4
Calculate (-4 - 1) + (-5 - -7).
-3
What is the value of 2 + (-3 - (-2 + 0))?
1
What is the value of -3 + (9 - (-2 - -5)) + 2?
5
Calculate -3 + 1 + 1 + 6.
5
-2 + (17 - 2 - (9 + -3))
7
Evaluate -2 + 4 + 3 + -5.
0
Calculate 9 + (-5 - 1) - (-2 + 8).
-3
Calculate 4 - 7 - (2 - 1).
-4
3 - (1 + -7 + 13 + 1)
-5
What is -3 + 13 + -2 + -4?
4
Evaluate -3 + 1 + (4 - 2).
0
What is 3 - 6 - (-6 + 8 - 0)?
-5
What is the value of 0 + 1 + (-2 - (-3 + -1))?
3
What is (3 - 8 - -4) + 3?
2
Evaluate -5 + 4 + -3 + 0.
-4
Calculate 5 + (-1 - 8) + (9 - 4).
1
What is (2 + -15 - -8) + 6?
1
What is the value of 7 + (13 - 23) + -1 + 3?
-1
Evaluate (10 - 17) + 3 + 0.
-4
Evaluate 2 - (-1 - 2 - -4).
1
What is 4 - (1 + -5) - (4 + 0)?
4
Calculate (-3 - (-1 - 2)) + -3 + 1.
-2
Calculate -1 - (-6 - 2) - (2 - 0).
5
What is (-3 - (4 + -2)) + 3 - 1?
-3
What is (4 - 8) + 12 - 3?
5
Evaluate -12 - (9 + -1 - (-5 - -15)).
-10
What is -5 - (0 - 4) - -2?
1
What is 8 - (-2 + (16 - 4))?
-2
What is the value of 0 - -2 - (2 - 1)?
1
What is the value of (13 + -2 - (-9 - -13)) + -17?
-10
Evaluate (-9 - -4) + (-13 - -25).
7
What is 7 + 0 + (-1 + 1 - 2)?
5
What is (5 + -2 - -7) + -4?
6
-8 - (-5 + -3 + (11 - 4))
-7
Calculate -2 - (-5 - 0) - (4 - 0).
-1
Evaluate 4 + -1 + 1 + -1 + -1.
2
Evaluate 9 + (3 + -5 - 2).
5
What is 11 + (2 - 9) - 1?
3
Evaluate -6 - -8 - (-7 + -1 - -5).
5
What is 1 + (3 - (0 + 1))?
3
-9 + (1 - -12) + (0 - 7)
-3
What is -4 - (-5 + (6 - 0)) - -2?
-3
What is the value of -3 + 5 + -3 + (0 - 5)?
-6
What is the value of 2 + 3 + -7 + 1?
-1
Evaluate 3 - (10 - (-4 + 11)).
0
Evaluate -60 + 63 - (0 + 2).
1
Calculate 5 + -9 - (-2 + (-9 - -2)).
5
Calculate -1 - (-5 - (3 + -7)).
0
Evaluate -2 - (-5 + 1) - 5 - 1.
-4
Calculate -1 + ((6 - 4) + 4 - 2).
3
What is the value of 2 + (-1 - -2) + -4 - 0?
-1
What is -4 - (2 - (7 - 4))?
-3
Evaluate 10 + -6 - (-5 - (-4 - -1)).
6
Calculate -20 + 19 - 3 - (0 + 0).
-4
Evaluate 11 + 8 + -14 + -12.
-7
(20 - 10) + -11 + 0 + 5
4
What is 0 + (3 + -7 - -1)?
-3
Evaluate 2 + (4 - (8 + (-11 - -4))).
5
Calculate 29 + -31 + (4 - -1).
3
What is 3 - (7 + (1 - 14))?
9
Calculate -1 + 7 - (-2 + 6).
2
Evaluate -2 - (0 - -1) - -9.
6
What is the value of (-6 - -11) + -2 + -6?
-3
Evaluate 6 + -4 - ((4 - 1) + 1).
-2
Calculate 91 + -83 - (14 + 0).
-6
-3 - (-6 + 3 + 5 + -2)
-3
(-2 - (2 + -3)) + 4 - 7
-4
What is the value of -2 - (6 - 5) - -7?
4
Calculate (3 - 20) + (4 - -7).
-6
Calculate (2 - (5 - (6 + -2))) + -3.
-2
-4 - -11 - (8 + -6)
5
Calculate (-12 - -25) + 2 + -6.
9
8 + -6 - (5 + -3)
0
Evaluate 27 - 20 - (-3 - -10 - 3).
3
Evaluate 7 + (5 + -10 - 7).
-5
What is the value of -5 + 1 + (-2 - (1 - 2))?
-5
What is the value of 0 - 0 - (43 + -38)?
-5
Calculate (6 - (-1 - (-17 + 8))) + -3.
-5
2 - (2 - (-4 + 4 + 5))
5
Evaluate (-6 - -1 - -2) + (10 - 7).
0
Evaluate 7 + (-14 - 0) + 11.
4
What is (-4 - (-2 + 3)) + -1?
-6
Calculate 4 + -16 - (1 - -7 - 12).
-8
Evaluate 34 + -12 + -30 - (0 + -7).
-1
What is -1 + -1 + (0 - -3)?
1
-10 - (2 + (-5 - (-2 - 1)))
-10
What is the value of -2 - (-1 + 6 + -4)?
-3
Evaluate -5 + (10 - 6 - 3).
-4
-1 - (0 - 2) - (0 - 1)
2
0 - 1 - -4 - 3
0
Calculate -2 + 5 + (-1 - (-1 - 2)).
5
What is (-9 - -9) + 2 + 4?
6
-3 - -7 - 2 - 2
0
Evaluate 2 + -9 + 9 + (8 - 8).
2
Calculate (0 + 3 - (4 + -1)) + -2.
-2
Evaluate (-9 - -10 - 4) + -5.
-8
What is the value of 1 + 0 - (66 + -66)?
1
What is 6 - 3 - 2 - (5 + -3)?
-1
1 + 0 - (-2 - -8) - -8
3
What is the value of -1 - 9 - (39 - 46)?
-3
Evaluate 7 + 1 + -8 - 8.
-8
Calculate (4 - 1) + -7 + 7 + -8.
-5
Evaluate 5 + (1 - -10) + -5 + -6.
5
Calculate -1 + (7 - (1 - -2 - -3)).
0
What is the value of -1 + 0 - -5 - 11?
-7
(-8 - (-2 + -12)) + 0
6
What is the value of 5 + (0 - 10) + 3?
-2
(0 - (-9 - -7)) + 0 + -6
-4
Calculate 7 + -6 + -3 - -5.
3
What is -6 - (2 - (-5 - (0 - 8)))?
-5
(-3 - (-7 - -3)) + 4 + 0
5
Calculate 3 - ((24 - 23) + 1 + 4).
-3
Evaluate -1 + 0 - 4 - (9 + -12).
-2
What is the value of -7 - (2 + 5 + 3 + -16)?
-1
What is 8 + -12 + 5 + -8?
-7
What is 16 - 3 - (39 + -34)?
8
(12 + -6 - 10) + 3
-1
Calculate 2 - (-1 + 11) - -7.
-1
2 + -2 - (2 - 8 - -11)
-5
What is the value of 0 + (7 - 4) + 0 + -1?
2
-4 - (0 - 2 - (-1 + 0))
-3
What is -3 - 1 - (0 + (0 - -1))?
-5
Calculate 2 + 0 - (2 - 1 - 2).
3
56 - 51 - (3 - (1 + -1))
2
What is (7 - 2 - (3 + 12)) + 5?
-5
Evaluate 4 + (-1 - -1) + -2.
2
What is the value of 2 + 0 + (1 - 3) + 5?
5
Evaluate -10 + (13 - (7 - -2)).
-6
0 + (-7 - (-4 + -1 + 3))
-5
Evaluate -1 + 1 + -6 + (11 - 10).
-5
What is (-4 - 1) + -8 + (6 - 1)?
-8
Evaluate 0 + (-2 - 0) + 1 - -3.
2
-1 - (-2 - (0 + 3))
4
What is 2 - (1 - -1 - 2 - 2)?
4
Evaluate -2 + 1 + -10 + 13.
2
Calculate (0 - 7) + 2 + (-9 - -24).
10
What is (0 - 0) + (-2 - (8 - 12))?
2
Calculate 2 - 0 - (-1 + 4 - 0).
-1
What is the value of (5 - -4) + -3 - (3 + 0)?
3
Evaluate 1 - (8 + (4 - 5)).
-6
Calculate 5 + (2 - 2) + -2.
3
What is the value of 2 - ((3 - (-2 + -7)) + -5)?
-5
Evaluate 5 - (11 + -1 + -5).
0
Calculate -14 + 9 - (3 - (6 - 3)).
-5
Evaluate -8 + 2 + (1 - 6) + 9.
-2
Calculate -3 - -9 - ((3 - -2) + 0).
1
What is 5 - (5 - 1 - (2 - -1))?
4
What is 5 - (-1 + 2 + 0 + -1)?
5
What is (3 - 3) + 3 - 3?
0
What is the value of 2 - (-24 + 10 + 6)?
10
3 + (-5 - (4 - 5))
-1
Evaluate 0 + -4 - (-3 + 0 + 1).
-2
Calculate -6 + (-10 - -19) - 13.
-10
What is -15 + 8 + (4 - 4)?
-7
Evaluate -7 + -1 + 11 - (0 - 2).
5
What is (2 - 14) + 7 - 3?
-8
Calculate (5 - 4 - -2) + -2.
1
2 - (-6 + 2 - (-4 - -1))
3
What is the value of 2 - 0 - (-4 - -3)?
3
-4 + (6 - 9) + 5 + 0
-2
Evaluate 1 + (3 - (6 + -3)) + -2.
-1
Calculate (2 - (3 + -2) - 2) + 3.
2
Evaluate 1 - (0 + 3 - (5 + 6)).
9
0 - (5 + (-7 - 1))
3
What is -6 - (-4 + (15 - 10))?
-7
19 + -28 + (8 - 0) + -8
-9
6 - (-7 + 5 - -3)
5
(5 - 1) + -2 + -2
0
-3 + 3 - (3 - (1 + -3))
-5
Evaluate (-2 - (-8 + 6)) + 0 + 3.
3
What is the value of 3 - 16 - (-42 - -38)?
-9
What is the value of 1 - (-5 + 1 + -1 + 5)?
1
-3 + -3 + (10 - 10) + 5
-1
What is 7 - (0 + -1 + 3)?
5
(0 - (-2 + 7)) + 6
1
Calculate 4 + 0 + -2 + (-1 - 0).
1
What is the value of -2 - -3 - 2 - 3?
-4
What is (0 + 3 - 5) + 7?
5
What is the value of (-11 - -7) + 6 + -3 + 9?
8
What is -3 + (2 - (-1 - -2)) - 1?
-3
What is the value of -4 - (5 - (4 + 1 - 0))?
-4
What is (8 - 15) + 12 + -6?
-1
Evaluate -6 - (5 + (-8 - -2)).
-5
Calculate -4 + 4 + -13 + 4 + 1.
-8
Evaluate -1 + (1 - (-5 + 10)).
-5
Calculate -1 + 4 + -2 + 5 + -4.
2
What is -2 - (7 + 0 + -1)?
-8
(2 - (-2 - -10)) + -24 + 29
-1
What is (-26 - -18) + (-2 - -11) + 7?
8
What is 1 + 0 + (3 - 2 - 2)?
0
What is the value of 3 - ((-1 - -7) + -1 - 0)?
-2
What is the value of (14 - -1) + (16 - (26 - 3))?
8